ose 5*z - 363 = 3*t - t, y = 2*z - t - 146. What are the prime factors of z?
71
Suppose x = 4*o - 29120, -2*o + 18145 - 3585 = -3*x. List the prime factors of o.
2, 5, 7, 13
Suppose 0 = 20*k - 0*k - 22500. Suppose -3*d + 672 + k = 0. What are the prime factors of d?
599
Let d be (-238 - (-4 + 2)) + (3 - -1). Let t = d - -458. List the prime factors of t.
2, 113
Let c be 6/(-8) - (-531)/36. Suppose 11*i + 1998 = c*i. What are the prime factors of i?
2, 3, 37
Suppose 2*h + 2*k - 1154 - 14346 = 0, -5*h + 38746 = k. What are the prime factors of h?
3, 7, 41
Let l be ((-132)/16 - -2)/(1/(-8)). Let s = l - 45. Suppose -d - 26 = 5*v - 87, s*d - 305 = 4*v. What are the prime factors of d?
61
Let c be ((-9)/(108/(-16)))/(4/12). Suppose r + 5*x = 692 - 194, 4*x = c*r - 1992. What are the prime factors of r?
2, 3, 83
Suppose -24661*g - 1448469 = -24688*g. What are the prime factors of g?
11, 4877
Suppose -7*i - 125 = 1. Let y be (1 - -1*2) + 18/i. Suppose 74 + 170 = y*c. List the prime factors of c.
2, 61
Let l(i) = -i - 12 + 3*i**2 + 7 - 5*i + 2*i. Let t be l(-2). What are the prime factors of 1257/t + (-6)/(-30)?
2, 3, 7
Let r be (9 - (-420)/(-50))/(2/20). List the prime factors of 590 - -8 - 5 - r.
587
Let x(k) = -6*k - 19. Suppose 3*c + 18 = 6. Let j be x(c). Suppose -2*y + 4*d = 3*y - 774, j*y = d + 786. What are the prime factors of y?
2, 79
Let z(d) = -1239*d + 235. What are the prime factors of z(-1)?
2, 11, 67
Suppose 5*j + 7*q - 3*q + 949 = 0, j - 5*q + 184 = 0. What are the prime factors of 4/(-42) + (-146682)/j?
2, 97
Let w(p) be the first derivative of 18*p**2 + 7*p + 158. What are the prime factors of w(5)?
11, 17
Let w = 48 - 30. Suppose 119 + w = s. Suppose 3*a = s + 121. List the prime factors of a.
2, 43
Suppose 112*f - 24*f - 468392 - 160192 = 0. List the prime factors of f.
3, 2381
Suppose -5*m + 5*x = -20910, 4028 + 169 = m - 4*x. List the prime factors of m.
4177
Let n be 4/6 - (10 + (-2718)/(-27)). Let j = 169 - n. What are the prime factors of j?
3, 31
Let i = 53 + -49. Suppose i*t - 1 = 15. List the prime factors of (107 + 2 - 1) + t.
2, 7
Suppose -15 = -4*n + 17. Suppose g = 3*g + 5*a - 16, -g + 5*a = -n. Suppose 0 = -g*s + 852 + 132. What are the prime factors of s?
3, 41
Suppose 4*x - 3*c - 152639 = 0, -5*x - 21*c + 190792 = -18*c. What are the prime factors of x?
11, 3469
List the prime factors of 1924/13*(-13)/((-78)/216).
2, 3, 37
Suppose -3*t = -47 - 37. Let x = -25 + t. Suppose r - 65 = 5*n, 74 = r - x*n + n. What are the prime factors of r?
2, 5
Let r(i) = 261*i**2 + 36*i - 19. List the prime factors of r(5).
2, 3343
Suppose 367 = 5*f + 42. Let j = 70 - f. What are the prime factors of ((-5)/j)/((-2)/4)?
2
Let v(x) = 254*x - 3835. List the prime factors of v(76).
31, 499
Let s(l) = -133*l - 85. Let d(x) = -133*x - 85. Let f(j) = 4*d(j) - 3*s(j). What are the prime factors of f(-6)?
23, 31
Let w(b) = -b**3 + 14*b**2 + 17*b + 11. Let f be w(15). Suppose -f*l - 24 = -38*l. List the prime factors of -54*((-2)/l)/((-6)/36).
3
Let v(u) be the first derivative of -u**4/4 - 28*u**3/3 + 103*u**2/2 + 50*u - 53. List the prime factors of v(-32).
2, 5, 17
Let d(m) be the second derivative of 0*m**3 + 0 + m**2 + 11/3*m**4 + 10*m. List the prime factors of d(1).
2, 23
Suppose 3282 = -10*j + 13*j - 5*p, 2*j + 3*p = 2169. List the prime factors of j.
3, 11
Let b be (-10027)/(-222) + (-2)/12. Let p be (-4)/(-14) + (-219)/7. Let f = b + p. What are the prime factors of f?
2, 7
List the prime factors of 68376/20*5*(-16)/(-24).
2, 7, 11, 37
Let y be (-3)/(((-12)/72)/((-1)/(-6))). Suppose 0 = y*g + f - 1219, 4*g - 943 = f + 687. List the prime factors of g.
11, 37
Let g(h) = 18*h**2 + 5*h + 6. Let s be -6 - ((-1 - -3) + 4 + -7). What are the prime factors of g(s)?
431
List the prime factors of (14/(-6))/(694/(-22864524)).
2, 7, 17, 19
Let f(y) = -y**2 + 10*y - 17. Let n be f(6). Let k = n + 5. Suppose -2*s - k = -5*s. List the prime factors of s.
2
Let h = 6025 - 324. What are the prime factors of h?
5701
Let l = 11076 + -7443. List the prime factors of l.
3, 7, 173
Let v(y) = -4*y**3 - 25*y**2 + 4*y - 66. Let g(t) = 9*t**3 + 49*t**2 - 8*t + 131. Let w(u) = 3*g(u) + 7*v(u). List the prime factors of w(-29).
2, 41
Let c = 445 - -88. Suppose c = 7*o + 141. What are the prime factors of o?
2, 7
Let t(s) = 20*s**3 - 59*s**2 - 9*s + 323. List the prime factors of t(12).
11, 2389
Let k = -4133 - -7384. What are the prime factors of k?
3251
Let t(i) = -184*i**3 - 3*i**2 - 19*i - 14. List the prime factors of t(-5).
2, 11503
Let v = 60 + -58. Suppose 10 = 3*q + v*q. Suppose -3*i - 2*i = -3*u + 647, -427 = -q*u - i. List the prime factors of u.
2, 107
Suppose -12 = -3*a - 2*d, -2*a + 4 = -2*d - 14. Suppose -5 = -a*c + 37. Suppose 0 = -2*l + g + 62, -c*l = -2*l + g - 155. List the prime factors of l.
31
Let n be (340/(-8) - 7)*-6. Suppose 1302 - 387 = 3*t + 2*h, -2*h = -t + n. What are the prime factors of t?
3, 101
Let w(l) = -9*l + 7. Let c be w(2). Let z = -11 - c. What are the prime factors of (z - 544/(-6)) + 12/(-18)?
2, 3, 5
Suppose -4*r + 19816 = 12*m - 8*m, 0 = 5*r + 4*m - 24771. What are the prime factors of r?
5, 991
Let t be (-6 - (-2160)/(-50))*(-50)/4. Suppose 2*h = -4*j - t + 3299, 0 = -j - 5*h + 689. List the prime factors of j.
3, 223
Let h = 101 + -106. Let f be 50*h/(-60) - (-1)/(-6). Suppose -5 = v, -9*v + f*v - 103 = -3*q. List the prime factors of q.
2, 13
Let o(a) = 391*a - 5. Let q = 695 - 692. What are the prime factors of o(q)?
2, 73
Let b = -17 + 27. Let z(j) be the third derivative of -j**5/60 + 11*j**4/24 - j**3/3 - 24*j**2. List the prime factors of z(b).
2
Suppose 170390 = -113*a - 34140. Let h(f) = -f**3 + 4*f**2 - 2*f. Let k be h(3). List the prime factors of a/(-25) - k/(-5).
73
Let d(g) = -10*g + 10. Let j(z) = -9*z + 10. Let n(m) = -3*d(m) + 2*j(m). Let a be n(-7). List the prime factors of a/(-12) - 3*2/(-36).
2
Let z(m) = m + 5. Let d be z(0). Suppose 2*f - d*b + 18 = 4*f, -f - 3*b = -10. Suppose -f*j - 5*q = -148 + 17, 0 = -q - 1. List the prime factors of j.
2, 17
Suppose -382*f = -374*f - 49272. What are the prime factors of f?
3, 2053
Let s be (-984)/(-14) + (671/77 - 9). Let a be (5 - 1)/(-2) + 19. Let x = s - a. List the prime factors of x.
53
Suppose 158834 = 5*n + 3*h, 0 = 563*n - 567*n - 4*h + 127072. What are the prime factors of n?
5, 6353
Suppose 5*u + 15 = -0*u. Let w be (u/2)/(3*6/(-1464)). Suppose 132 = w*q - 119*q. List the prime factors of q.
2, 11
Let r(a) = 16*a - 22. Let h be r(10). Let z be 1/(2/h)*(-12)/(-36). List the prime factors of z + 4*-1 + 2 + 1.
2, 11
List the prime factors of 3915 - ((5 - -3) + -22).
3929
Let b = 40 + -38. Let q be (-74 + -13)/(((-3)/b)/1). Let z = q - -36. What are the prime factors of z?
2, 47
Let q = -7557 - -14480. What are the prime factors of q?
7, 23, 43
Suppose 0 = -u - 2*t + 3, 0 = 2*u - t - 1. Suppose u = -2*x + 7. What are the prime factors of 635/7 + 57/(-21) + x?
7, 13
Let v(k) = -185*k + 72. Let x(a) = 8*a - 202. Let m be x(25). List the prime factors of v(m).
2, 13, 17
Let i = 1302 + 695. List the prime factors of i.
1997
Let u(g) = g**2 - 6*g - 10. Suppose 4*n = 4 + 4. Let k be n*-2 + (4 - 6). What are the prime factors of u(k)?
2, 31
Let v(t) = 4*t**3 + t**2 - 3*t + 2. Let z be v(1). Suppose -x + z*x = 0. Suppose -40*w + 45*w - 35 = x. List the prime factors of w.
7
Let o be (1 + -1 - 1)*-10. Let y be 5*o/25 + 1. What are the prime factors of y/2 + (-131)/(-2)?
67
Let j(c) = -c. Let w(a) = -2*a**2 + 7*a - 2. Let i(v) = -2*j(v) - w(v). Suppose 17*b - 18*b = 4. List the prime factors of i(b).
2, 3
Suppose -14*o + 27089 = -14757. List the prime factors of o.
7, 61
Suppose -5*j + 2*l - 7*l = 0, 4*j - 30 = 2*l. Suppose 0 = -i - j + 10. Suppose x = -i, -4*x + 2*x + 14 = 4*g. What are the prime factors of g?
2, 3
Let l(n) = 458*n**2 - 58*n + 1. List the prime factors of l(-4).
7561
Let r(m) = 2*m**3 - 2*m**2 - 5*m - 18. Suppose 266*j = 269*j - 18. List the prime factors of r(j).
2, 3, 13
Let j = 840 - 415. Suppose 862 = 13*c - j. List the prime factors of c.
3, 11
Suppose 76*a - 2291704 = -3*a + 945242. List the prime factors of a.
2, 3, 6829
Let o(q) = -8*q + 11. Let c be o(-2). Suppose 0 = c*f - 25*f - 618. Suppose 2*w - f = 41. What are the prime fa